2*l + 15. What is d(0)?
15
Let g(l) = -l**3 + 5*l**2 + 34*l + 9. Calculate g(9).
-9
Let q(j) = 2028*j + 137916. Calculate q(-68).
12
Let c(f) = f**2 + 560*f + 71179. Calculate c(-195).
4
Let l(w) = -5*w**2 + 19*w + 106. Calculate l(9).
-128
Let p(j) = 2*j**2 - 946*j - 3815. Give p(-4).
1
Let t(v) = -502*v**2 - 63*v - 63. Calculate t(-1).
-502
Let b(m) = m**2 + 158*m - 1152. Determine b(7).
3
Let p(i) = i**2 - 257*i + 16434. Calculate p(137).
-6
Let u(k) = k**2 + 18*k + 58. Give u(0).
58
Let q(v) = 204*v**3 + 6*v**2 - 3*v - 1. Give q(1).
206
Let y(k) = k**3 + 20*k**2 + 58*k - 27. Calculate y(-12).
429
Let f(x) = -309*x - 11114. What is f(-36)?
10
Let c(b) = -b**3 + 14*b**2 - 28*b + 103. Calculate c(13).
-92
Let v(m) = 20*m**2 - 70*m + 34. Determine v(6).
334
Let a(v) = -9*v**3 + 2*v**2 - 4*v + 4. Give a(2).
-68
Let d(a) = -33*a**3 + 3*a**2 + 7*a - 17. Determine d(2).
-255
Let i(t) = 595*t + 12431. Determine i(-21).
-64
Let v(p) = -2*p**2 - 64*p - 403. What is v(-22)?
37
Let h(o) = -18*o - 125. Calculate h(-39).
577
Let z(y) = -11*y**2 - 5*y - 3. Determine z(-1).
-9
Let c(g) = -g**3 - 5*g**2 + 23*g + 113. What is c(-6)?
11
Let t(w) = w**2 - 3*w - 35. Give t(14).
119
Let g(q) = -q**3 - 7*q**2 + 26*q + 88. What is g(-2)?
16
Let w(t) = 5*t**2 + 126*t + 90. Calculate w(-23).
-163
Let n(a) = 13*a**2 + 114*a - 462. What is n(4)?
202
Let f(r) = r**3 - 23*r**2 - 3*r + 71. What is f(23)?
2
Let x(v) = v**2 - 889*v - 6284. Calculate x(-7).
-12
Let y(p) = -p**3 + 10*p**2 - 17*p + 24. Give y(7).
52
Let y(v) = 2*v**2 - 138*v + 1066. What is y(9)?
-14
Let f(l) = -l**2 - 10*l - 40. What is f(-9)?
-31
Let i(x) = -2*x**3 - 17*x**2 - 33*x + 30. Calculate i(-7).
114
Let r(h) = -3*h**2 - 328*h - 8876. Determine r(-60).
4
Let d(y) = 3*y**2 + 445*y - 910. Calculate d(2).
-8
Let r(y) = -85*y**2 + 3232*y - 77. Calculate r(38).
-1
Let n(p) = -p**3 + 37*p**2 + 123*p - 89. Determine n(40).
31
Let j(a) = 3*a**2 + 26*a - 11. Give j(-9).
-2
Let b(v) = 824*v + 2196. Calculate b(-3).
-276
Let x(p) = -2*p + 20. What is x(-17)?
54
Let l(a) = 2*a**2 + 23*a - 38. Give l(-13).
1
Let i(f) = 28*f + 793. Give i(-26).
65
Let v(s) = -3330*s - 106540. Determine v(-32).
20
Let p(v) = -v**3 + 12*v**2 + 4*v - 43. What is p(12)?
5
Let j(o) = 7*o**3 + 686*o**2 - 5*o - 486. What is j(-98)?
4
Let b(u) = 72*u + 1737. Calculate b(-24).
9
Let p(n) = -15*n - 755. Calculate p(-54).
55
Let j(r) = -r**3 + 5*r**2 + 5*r - 17. Calculate j(0).
-17
Let m(f) = -46*f + 1716. What is m(40)?
-124
Let h(c) = -c**2 - 4*c + 164. What is h(-14)?
24
Let t(v) = 48*v**2 + 465*v + 8. What is t(-7)?
-895
Let c(b) = b**3 + 88*b**2 + 1742*b + 74. Calculate c(-30).
14
Let v(u) = -u**2 - 13*u + 16. What is v(6)?
-98
Let j(u) = u**3 + 63*u**2 + 79*u + 538. Give j(-62).
-516
Let y(p) = -13*p - 999. Give y(-65).
-154
Let i(z) = 51*z**3 + 3*z**2 + 66*z - 68. Give i(1).
52
Let y(x) = x**3 + 33*x**2 + 30*x - 26. Determine y(-32).
38
Let u(r) = 4*r**3 - 9*r**2 + 27*r + 63. Determine u(-2).
-59
Let n(a) = -2*a**2 + 20*a - 4. Calculate n(0).
-4
Let y(r) = 244*r + 1606. Determine y(-6).
142
Let m(a) = -a**3 - 48*a**2 - 503*a + 335. What is m(-32)?
47
Let s(g) = g**3 + 60*g**2 - 177*g + 754. What is s(-63)?
-2
Let h(i) = 974*i - 970. Calculate h(1).
4
Let a(i) = 1339*i + 1431. Give a(-1).
92
Let m(u) = 24*u - 10. Calculate m(3).
62
Let l(n) = n**3 + 75*n**2 + 851*n - 188. What is l(-61)?
-5
Let w(r) = -r**2 + 28*r - 10. What is w(0)?
-10
Let m(t) = -t**2 - 4*t. Calculate m(-1).
3
Let z(f) = f**3 + 13*f**2 + 63*f + 115. Determine z(-8).
-69
Let w(p) = -5*p**2 + 222*p + 56. What is w(44)?
144
Let v(q) = 28*q + 2529. Give v(-94).
-103
Let w(u) = 2*u**2 + 136*u + 1248. Calculate w(-57).
-6
Let g(l) = -8*l**2 - 14*l + 13. What is g(2)?
-47
Let t(p) = 86*p - 9. What is t(0)?
-9
Let n(f) = -22*f + 23. Give n(9).
-175
Let w(d) = d**2 - 43*d + 316. Give w(28).
-104
Let g(l) = 4*l**2 + 88*l + 34. Give g(-22).
34
Let i(m) = 27*m**2 + 1807*m - 151. Determine i(-67).
-17
Let q(k) = 766*k - 3830. What is q(5)?
0
Let i(x) = 2*x**2 + 142*x - 1263. What is i(8)?
1
Let p(g) = -66*g + 1044. Determine p(17).
-78
Let g(u) = -2*u**2 + 89*u - 22. Determine g(44).
22
Let g(w) = -3078*w + 24629. Calculate g(8).
5
Let c(x) = -17*x**2 + 530*x + 1053. Give c(-2).
-75
Let w(f) = -14049*f - 4. Calculate w(0).
-4
Let c(d) = 16*d**2 - 76*d - 2. Give c(5).
18
Let m(f) = 2*f - 254. Calculate m(34).
-186
Let c(x) = -2*x**2 - 48*x + 2601. What is c(26)?
1
Let v(t) = -2*t**3 - 35*t**2 + 15*t - 36. What is v(-18)?
18
Let j(c) = -c**2 - 578*c + 44662. Give j(69).
19
Let k(a) = -a**2 - 16*a + 34. Give k(-15).
49
Let u(w) = 22*w**3 - 3*w**2 - 24*w - 22. Determine u(-1).
-23
Let c(y) = -7*y + 162. Determine c(26).
-20
Let w(m) = -36*m + 832. Calculate w(24).
-32
Let q(g) = -60*g + 369. Give q(6).
9
Let w(g) = g - 36. Give w(34).
-2
Let v(f) = f**3 - f**2 - 46*f + 41. Calculate v(7).
13
Let s(g) = -31*g + 46. Determine s(-6).
232
Let x(w) = 6*w**3 - 245*w**2 - 43*w - 47. Calculate x(41).
-129
Let s(w) = -2347*w + 4688. What is s(2)?
-6
Let s(z) = -z**2 + 42*z - 333. Calculate s(12).
27
Let y(h) = h**2 - 8*h - 225. Determine y(0).
-225
Let t(c) = c**2 + 37*c + 297. Calculate t(-12).
-3
Let p(h) = 14*h**2 + h + 7. What is p(-2)?
61
Let y(o) = -2*o**3 + 50*o**2 + 39*o - 2062. Calculate y(24).
26
Let j(p) = p**3 + 17*p**2 - 194*p - 38. What is j(-25)?
-188
Let a(y) = -22*y**2 + 116*y - 46. What is a(5)?
-16
Let q(b) = b**3 - 9*b**2 + 14*b + 31. What is q(4)?
7
Let a(p) = -p**2 + 250*p - 1223. What is a(5)?
2
Let i(y) = y**3 - 13*y**2 + 88*y - 813. Calculate i(11).
-87
Let d(b) = -b**3 - 7*b**2 - 7*b - 16. What is d(-4)?
-36
Let k(n) = -n**3 - 56*n**2 + 54*n - 64. Calculate k(-57).
107
Let n(l) = 51*l + 22. Give n(5).
277
Let h(g) = g**3 - 62*g**2 - 66*g + 264. Determine h(63).
75
Let r(f) = -162*f - 3758. Give r(-23).
-32
Let s(c) = 12*c - 409. Determine s(51).
203
Let u(y) = -4*y**3 + 5*y**2 + 22*y - 4. Give u(3).
-1
Let c(o) = 712*o - 9229. What is c(13)?
27
Let g(w) = -2*w**2 + 5*w - 11. Determine g(10).
-161
Let n(y) = -25*y**2 + 110*y - 141. Determine n(3).
-36
Let q(z) = z**3 - 48*z**2 + 55*z + 54. Give q(47).
430
Let p(l) = l**3 + 5*l**2 + 10*l + 25. Give p(-4).
1
Let t(y) = -y**3 - 30*y**2 + 24*y - 106. Determine t(-31).
111
Let u(f) = -254*f + 6872. Give u(27).
14
Let d(w) = -w**2 + 54*w + 1349. Give d(-19).
-38
Let v(t) = t**3 + 69*t**2 - 134*t + 684. Calculate v(-71).
116
Let f(b) = -b**3 - 14*b**2 + 9*b + 19. Calculate f(-12).
-377
Let u(r) = -4*r**2 + 183*r + 115. Calculate u(46).
69
Let t(q) = q**2 - 199*q + 2761. Calculate t(15).
1
Let o(h) = 38*h**2 + 9*h - 3. Calculate o(-2).
131
Let b(p) = p**3 - 3*p**2 - 31*p + 12. Calculate b(7).
-9
Let u(k) = -k**2 - 77*k - 154. Calculate u(-73).
138
Let i(c) = c**2 + 93*c + 1162. Determine i(-78).
-8
Let t(n) = 18*n - 443. Calculate t(10).
-263
Let z(l) = 229*l - 1016. Calculate z(3).
-329
Let y(z) = -z**2 + 31*z + 30. Give y(0).
30
Let t(m) = m**3 - 3*m**2 - m - 9. Calculate t(3).
-12
Let h(g) = -3*g**2 + 24*g + 265. Determine h(-12).
-455
Let g(l) = -1553*l + 6214. Give g(4).
2
Let t(m) = -5*m**2 - 196*m + 4785. What is t(17)?
8
Let f(l) = -81*l + 380. Give f(4).
56
Let i(u) = 3*u**2 - 55*u + 27. Give i(17).
-41
Let f(n) = 44*n - 2827. What is f(65)?
33
Let y(m) = -2*m**3 - 3*m**2 + 9*m + 8. What is y(-4)?
52
Let j(z) = -2210*z + 66308. Give j(30).
8
Let s(v) = 2*v**3 + 12*v**2 - 292*v - 1805. Calculate s(-6).
-53
Let y(b) = b**3 + 4*b**2 - 10*b - 3. Calculate y(-7).
-80
Let p(b) = 8*b**2 - 1262*b - 307. Determine p(158).
9
Let a(i) = 116*i - 1284. Calculate a(11).
-8
Let x(p) = 3*p**2 + 42*p + 227. What is x(-10)?
107
Let r(p) = -2*p**3 + 14*p**2 + 9*p + 30. Calculate r(8).
-26
Let k(j) = 7*j + 231. What is k(-62)?
-203
Let h(k) = 9*k**2 - 3*k - 11. Give h(4).
121
Let r(q) = -q**2 + 239*q - 2247. Give r(10).
43
Let u(r) = -3*r**2 + 22*r - 106. What is u(11)?
-227
Let o(m) = m**2 + 49*m + 257. Give o(-43).
-1
Let w(l) = -l**2 + 3*l - 10. Give w(9).
-64
Let n(s) = -1085*s - 9758. What is n(-9)?
7
Let d(u) = -u**2 + 54*u - 753. What is d(14)?
-193
Let a(y) = 142*y + 19179. What is a(-135)?
9
Let q(z) = -z**3 + 21*z**2 - 26*z + 161. Calculate q(21).
-385
Let w(m) = 10*m**2 - 2209*m + 1975. Determine w(220).
-5
Let d(j) = 